e 5?
22212244
What is 306753 (base 8) in base 6?
2103335
-323547 (base 8) to base 15
-221b1
Convert 809790 (base 13) to base 3.
12121222110020
-b7c64b (base 13) to base 6
-232225023
Convert 1012211 (base 3) to base 9.
1184
What is -7c8737 (base 14) in base 12?
-150aba5
Convert 67226 (base 16) to base 8.
1471046
Convert 10b4b (base 16) to base 11.
47457
Convert -1c078c (base 16) to base 14.
-35b620
Convert 1469161 (base 12) to base 10.
4121497
Convert 320850 (base 12) to base 16.
c0abc
What is -11022120211210 (base 3) in base 12?
-927bb6
-13123211 (base 5) to base 10
-129806
-60675 (base 16) to base 5
-100113434
What is 36352 (base 7) in base 15?
2bea
Convert -1220220121102 (base 3) to base 9.
-1826542
-2047e (base 15) to base 10
-102269
Convert -640650 (base 7) to base 9.
-177853
Convert 110012121 (base 3) to base 12.
5197
132330020230 (base 4) to base 8
36741054
What is -24a370 (base 15) in base 7?
-20631615
3574 (base 15) to base 8
26137
What is -132011012121 (base 4) in base 3?
-112211121110210
1621351 (base 7) to base 5
24130234
What is -41986 (base 10) in base 14?
-11430
172513 (base 8) to base 5
4002140
What is -531600 (base 7) in base 4?
-112123203
What is -a91442 (base 12) in base 4?
-22031220302
Convert -c5a2 (base 14) to base 5.
-2042200
Convert -26140435 (base 7) to base 10.
-2379613
1044433405 (base 6) to base 14
1733a7b
78c860 (base 16) to base 10
7915616
What is 6104754 (base 8) in base 14?
2dc0d6
Convert 2473106 (base 8) to base 12.
290946
Convert 21200220210 (base 3) to base 2.
100101000000010100
Convert -1931771 (base 11) to base 6.
-154005531
What is -4db55 (base 14) in base 12?
-92a3b
400825 (base 10) to base 8
1416671
-303722 (base 9) to base 12
-88155
Convert 43541 (base 12) to base 14.
2457b
What is 1515634 (base 7) in base 13?
72a84
-7d2be (base 15) to base 12
-1729bb
11022101201210 (base 3) to base 15
303c6c
Convert -21112011011 (base 3) to base 12.
-71857
What is 111192 (base 11) in base 13?
628a3
Convert -132234121 (base 5) to base 3.
-1020210002100
What is 4502408 (base 11) in base 2?
11110000111011001111101
What is 175712 (base 9) in base 14?
2bb1d
What is 420765 (base 9) in base 4?
331001120
-122202122211 (base 3) to base 9
-582584
-421024315 (base 6) to base 4
-123331030313
-29327b (base 12) to base 16
-a86bf
41090 (base 10) to base 4
22002002
-43166666 (base 7) to base 16
-3829dc
13211343 (base 7) to base 3
2021121221220
7b733 (base 14) to base 2
1001001010111100001
Convert -210211111220 (base 3) to base 7.
-3436635
Convert 111120210 (base 3) to base 7.
40605
Convert 1971253 (base 12) to base 14.
9dbda7
Convert 87353 (base 10) to base 14.
23b97
What is 131401530 (base 6) in base 10?
2597598
What is -7305b (base 16) in base 3?
-212221021022
Convert 101010010010110 (base 2) to base 7.
120063
-12188081 (base 9) to base 14
-b132d7
10110011101101100 (base 2) to base 16
1676c
What is 2462938 (base 11) in base 12?
1524304
110000110011 (base 2) to base 13
1563
What is -11603a (base 12) in base 4?
-1010112232
33956 (base 16) to base 8
634526
What is -3231510 (base 12) in base 4?
-210110102130
Convert 338696 (base 12) to base 5.
202323011
Convert -2474235 (base 10) to base 4.
-21130003323
764464 (base 11) to base 16
12a1d9
106e1a (base 16) to base 3
2000201001002
-37528 (base 16) to base 4
-313110220
-143000153 (base 6) to base 8
-13155005
What is 12111012002011 (base 3) in base 14?
55cd7d
Convert 22206226 (base 7) to base 16.
1d44de
1200321001 (base 4) to base 5
100144430
What is 5893b (base 12) in base 10?
118847
What is -1223233204 (base 5) in base 14?
-5698c6
What is -2565611 (base 7) in base 8?
-1217614
What is 11173350 (base 8) in base 2?
1001001111011011101000
Convert 1805a1 (base 14) to base 5.
204040043
1213112110 (base 4) to base 5
102021231
-33324bb (base 12) to base 11
-5573a74
Convert a93a4 (base 13) to base 7.
2413125
What is 4220350 (base 11) in base 8?
34277336
4073453 (base 8) to base 3
2000211020001
What is 216a077 (base 13) in base 6?
1003003053
Convert -242215514 (base 6) to base 7.
-54006052
-18591b (base 12) to base 14
-b0aa3
Convert 1101011011011000100 (base 2) to base 3.
211100120110
3a61b5 (base 12) to base 13
27a019
What is -133241025 (base 6) in base 5?
-1141232421
What is 156a6a (base 11) in base 5?
30243103
143420 (base 5) to base 6
44142
Convert 56a7e (base 15) to base 5.
32310434
Convert -7954ba (base 14) to base 2.
-1111101111000111111100
-2163196 (base 10) to base 14
-4044a0
What is -651685 (base 9) in base 12?
-16891b
83451 (base 9) to base 15
1149a
Convert -22240435 (base 7) to base 10.
-1925824
Convert -1614831 (base 9) to base 10.
-895888
Convert 1010100111110001 (base 2) to base 9.
65608
Convert -ea22 (base 15) to base 8.
-140574
1df27d (base 16) to base 10
1962621
-15c456 (base 13) to base 7
-4412604
Convert -71a04 (base 13) to base 10.
-203818
-106089 (base 10) to base 7
-621204
Convert -40243423 (base 6) to base 4.
-10112220213
Convert 568aa (base 14) to base 4.
303111112
What is -78902 (base 10) in base 4?
-103100312
45164062 (base 8) to base 16
94e832
Convert 1021322201 (base 4) to base 6.
10253345
Convert 3091b95 (base 13) to base 9.
30657665
What is -1c0d9b (base 14) in base 8?
-3644035
Convert 3221331302 (base 4) to base 15.
13de32
What is 73430 (base 11) in base 5?
11410442
11200430 (base 5) to base 10
100115
-22338b (base 12) to base 15
-ab68e
Convert 2002250 (base 6) to base 13.
3393c
Convert 2111200221201 (base 3) to base 9.
2450851
What is -dcd5 (base 14) in base 16?
-9543
Convert 1f1e2 (base 16) to base 7.
1040412
What is 220100021001 (base 3) in base 12?
1b1347
What is 181866 (base 9) in base 6?
2231010
-1011101000 (base 3) to base 7
-123450
What is 15216356 (base 7) in base 14?
29a62d
-320184 (base 11) to base 12
-208808
What is -150263 (base 7) in base 2?
-111000100011011
Convert -2662160 (base 7) to base 2.
-1010101110001011011
10b623 (base 12) to base 6
5432043
-1001010101111101001100 (base 2) to base 15
-335a6d
112010000120222 (base 3) to base 10
7499654
89531 (base 10) to base 14
248b1
-74059b (base 14) to base 13
-a7307a
-633a3a (base 14) to base 16
-332774
Convert 133812 (base 9) to base 10.
81578
-162502 (base 8) to base 9
-88451
Convert -11d5e (base 15) to base 5.
-3311024
Convert 3a06a5 (base 12) to base 7.
11054543
-385ab9 (base 14) to base 5
-443433033
What is -ed24e (base 15) in base 9?
-1367112
-11020122110121 (base 3) to base 15
-2e894a
Convert -131322100 (base 4) to base 2.
-11101111010010000
194089 (base 10) to base 11
122905
What is -45d021 (base 14) in base 7?
-26136041
What is -58a341 (base 11) in base 15?
-13756b
Convert 574689 (base 10) to base 7.
4612323
What is 1058083 (base 10) in base 15?
15d78d
Convert -50c90 (base 15) to base 9.
-430100
Convert -1425 (base 8) to base 5.
-11124
Convert 120313303 (base 4) to base 10.
101875
73c767 (base 13) to base 11
1592928
3121220 (base 4) to base 9
21085
What is -11120b (base 12) in base 2?
-1000010010011101011
What is -3932828 (base 11) in base 4?
-121333001031
What is 5a8647 (base 14) in base 2?
1011110011111110010111
-1b5d36 (base 15) to base 10
-1336101
What is 300222030001 (base 4) in base 16?
c2a301
What is -101285 (base 11) in base 9?
-267176
What is -5f533 (base 16) in base 15?
-7aa51
Convert 2111220222012 (base 3) to base 11.
833532
320023100 (base 4) to base 14
5dbd6
Convert 185531 (base 10) to base 5.
21414111
What is 3557147 (base 10) in base 5?
1402312042
Convert 1220333 (base 5) to base 11.
16498
Convert -22104200 (base 5) to base 7.
-1424235
-1423ab7 (base 12) to base 9
-7521444
-2039623 (base 12) to base 16
-5c533b
-330867 (base 9) to base 8
-601643
What is 69a4b5 (base 12) in base 9?
3166612
What is -330251405 (base 6) in base 8?
-26405375
-1502666 (base 9) to base 6
-25432310
What is -dd8eb (base 15) in base 3?
-1022202201212
What is -418004 (base 9) in base 8?
-745421
What is -110000111110110 (base 2) in base 12?
-1261a
Convert -166da (base 14) to base 10.
-56248
What is -10111110000111010111010 (base 2) in base 4?
-113300322322
Convert 3613b (base 12) to base 6.
1320515
-3665477 (base 9) to base 12
-80095a
What is -111000011000011100101111 (base 2) in base 9?
-30726562
What is -769799 (base 11) in base 12?
-4b2889
8d56 (base 16) to base 15
aac2
Convert 889729 (base 11) to base 7.
15